01100?
-101100
In base 8, what is -5 - 233?
-240
In base 12, what is 7 + -48?
-41
In base 14, what is 4 - -217?
21b
In base 8, what is 2 - 2526?
-2524
In base 3, what is 0 + -1?
-1
In base 10, what is 48 + -15?
33
In base 11, what is -23 + 24?
1
In base 7, what is -4632 - -6?
-4623
In base 7, what is -20 - 31?
-51
In base 12, what is -50 + -2a?
-7a
In base 7, what is -6 + 32?
23
In base 3, what is 21 + -121?
-100
In base 15, what is 32a + 8?
333
In base 14, what is 4254 + 0?
4254
In base 8, what is 73 - 33?
40
In base 16, what is -9f + 3?
-9c
In base 15, what is 9 + -64?
-5a
In base 9, what is -5211 - 5?
-5216
In base 8, what is 41574 + -5?
41567
In base 15, what is 51 - 6c?
-1b
In base 6, what is 50 + 0?
50
In base 11, what is -2 + -50?
-52
In base 4, what is -11 + 32213?
32202
In base 13, what is -17 - 10?
-27
In base 6, what is -1004 - -43?
-521
In base 14, what is -5 - -b1?
aa
In base 6, what is 240 + -44?
152
In base 2, what is -11100111 - -10000?
-11010111
In base 15, what is -2 + ce?
cc
In base 15, what is 255 + 0?
255
In base 12, what is 3 + -120?
-119
In base 10, what is 4 + 87?
91
In base 8, what is 1 + -30?
-27
In base 3, what is -110 + -22020?
-22200
In base 7, what is 101 + -2?
66
In base 3, what is 21 + -1212?
-1121
In base 14, what is -63 - -c?
-55
In base 15, what is -14d + -4?
-152
In base 5, what is -2231 + -22?
-2303
In base 8, what is 106 + -6?
100
In base 4, what is -2 + -322?
-330
In base 15, what is 0 + -1c9?
-1c9
In base 11, what is -2 - -1451?
144a
In base 11, what is 16 + -38?
-22
In base 2, what is -10 + 1000011?
1000001
In base 11, what is -21 - 141?
-162
In base 5, what is 1023 - 2?
1021
In base 2, what is 100 + -10010101?
-10010001
In base 12, what is -69 - -9b?
32
In base 15, what is -615 - e?
-624
In base 12, what is -1 + 39?
38
In base 5, what is 11443 - 11?
11432
In base 7, what is -14605 + 4?
-14601
In base 15, what is 93b3 - -4?
93b7
In base 13, what is -25 + 0?
-25
In base 4, what is -1 + 101?
100
In base 14, what is -5b97 + 0?
-5b97
In base 10, what is -9162 + -4?
-9166
In base 4, what is 11 + -1230?
-1213
In base 6, what is 13 + -114?
-101
In base 15, what is 6 - 15?
-e
In base 10, what is 924 + 14?
938
In base 13, what is -586 + -6?
-58c
In base 2, what is 10101011 + -11100?
10001111
In base 3, what is -11122222 - 2?
-11200001
In base 4, what is 12 - -20?
32
In base 13, what is 3 + -78?
-75
In base 3, what is 12 + -111002?
-110220
In base 3, what is 11 + 122?
210
In base 14, what is b + -64?
-57
In base 3, what is 1011111220 - -12?
1011112002
In base 13, what is 2 - -b7?
b9
In base 12, what is a - -8?
16
In base 13, what is -2a3 + -17?
-2ba
In base 14, what is -424 + 0?
-424
In base 14, what is -16 - -9?
-b
In base 3, what is 10 - 101?
-21
In base 12, what is 602 - -4?
606
In base 13, what is 4 + -26?
-22
In base 4, what is -2021 - -20?
-2001
In base 14, what is 21 + 6?
27
In base 12, what is 24 + 50b?
533
In base 14, what is -44c + 1?
-44b
In base 9, what is -133 + 3?
-130
In base 7, what is -4 + -4455?
-4462
In base 11, what is 1675 - -3?
1678
In base 7, what is 0 - -346?
346
In base 13, what is 3 - 2b?
-28
In base 9, what is -30318 - 0?
-30318
In base 3, what is 21 - -22020?
22111
In base 9, what is 4 - -307?
312
In base 12, what is 0 + -812?
-812
In base 10, what is 26 - -31?
57
In base 5, what is 3 - -1224?
1232
In base 12, what is -6 + 54?
4a
In base 4, what is -3 + -300230?
-300233
In base 9, what is 1 - -6863?
6864
In base 5, what is -131 - -11?
-120
In base 13, what is c + -a?
2
In base 12, what is 94 - -22?
b6
In base 13, what is -156 + -47?
-1a0
In base 3, what is -102121 + 11?
-102110
In base 15, what is -682 - -5?
-67c
In base 16, what is -1 + 1b?
1a
In base 15, what is -b + -110?
-11b
In base 6, what is -133003 - -2?
-133001
In base 4, what is -110130 + 0?
-110130
In base 10, what is 55 - -2?
57
In base 14, what is dd6 + 0?
dd6
In base 15, what is -4a5 + -2?
-4a7
In base 10, what is -13 + 4?
-9
In base 4, what is 0 + -2032?
-2032
In base 7, what is 2 - -5034?
5036
In base 7, what is -5566 + 3?
-5563
In base 2, what is 101 - 100000110111?
-100000110010
In base 3, what is 22 + -21020?
-20221
In base 3, what is 102002 - 10?
101222
In base 8, what is -1610 - 1?
-1611
In base 5, what is -342 + -2?
-344
In base 6, what is 3 - -50?
53
In base 11, what is -282 + -10?
-292
In base 2, what is -100100 - -1011101011?
1011000111
In base 8, what is 30 + 1?
31
In base 14, what is -3 + -186?
-189
In base 14, what is 19 - 3?
16
In base 13, what is 21 + 45?
66
In base 3, what is 2212110 + 12?
2212122
In base 13, what is 13a - -6?
143
In base 4, what is -3222 - -10?
-3212
In base 13, what is 4 + 105?
109
In base 7, what is 2 + -101?
-66
In base 4, what is -110 - -202?
32
In base 16, what is 2 - 3?
-1
In base 2, what is 10001111010 + -100?
10001110110
In base 14, what is -3d5 - -19?
-3ba
In base 9, what is 3 + 762?
765
In base 3, what is 202211 - -11?
202222
In base 6, what is -1125 - -3?
-1122
In base 16, what is 1 - 693?
-692
In base 6, what is 11051 - 12?
11035
In base 4, what is -30031 + 10?
-30021
In base 14, what is 6 - -4?
a
In base 13, what is a - 635?
-628
In base 11, what is 0 + -80?
-80
In base 5, what is 0 - -111?
111
In base 5, what is 41 + 21?
112
In base 11, what is 2 + -31?
-2a
In base 12, what is -1 + 11?
10
In base 2, what is 1110 - 100011?
-10101
In base 3, what is -100 - -20021?
12221
In base 10, what is 82 + -22?
60
In base 13, what is 4 - 73?
-6c
In base 14, what is 1d + 10?
2d
In base 13, what is 396 - 0?
396
In base 16, what is -d - a?
-17
In base 4, what is -2110 - -22?
-2022
In base 5, what is -13031 + 121?
-12410
In base 4, what is 12232300 + -10?
12232230
In base 10, what is 0 + -555?
-555
In base 5, what is -234 - 1023?
-1312
In base 8, what is -3 + 245?
242
In base 4, what is -21310 + -22?
-21332
In base 15, what is 2a - -c2?
ec
In base 2, what is -101001 + 1111?
-11010
In base 15, what is 2 + 53e?
541
In base 12, what is 1 - -1b8?
1b9
In base 8, what is -1 - -1514?
1513
In base 8, what is 0 - 663?
-663
In base 4, what is -111 + -3?
-120
In base 16, what is -88 - -27?
-61
In base 15, what is 357 + -1b?
33b
In base 11, what is -35 + -1?
-36
In base 13, what is 33 + -7?
29
In base 8, what is -565 - -30?
-535
In base 8, what is -305 + 4?
-301
In base 7, what is 0 + 22?
22
In base 7, what is -50 - -2?
-45
In base 3, what is 2020002 - -1?
2020010
In base 13, what is -303 + 4?
-2cc
In base 12, what is 0 - 40?
-40
In base 9, what is 2 + -65?
-63
In base 7, what is -63 + -13?
-106
In base 15, what is -86 - -4?
-82
In base 12, what is -4 - -6?
2
In base 9, what is -4 - -33?
28
In base 4, what is 220 + -11?
203
In base 2, what is -1001100011 - 11?
-1001100110
In base 6, what is -23 - -1053?
1030
In base 5, what is -21033 + 3?
-21030
In base 13, what is 65 + -4?
61
In base 6, what is 323 + -11?
312
In base 6, what is 5 + -254?
-245
In base 10, what is -290 - -9?
-281
In base 9, what is 464 + 4?
468
In base 16, what is 5 - 293?
-28e
In base 11, what is -6a7 - -4?
-6a3
In base 8, what is 34 - 374?
-340
In base 4, what is 102302 + -3?
102233
In base 8, what is 2 - -163?
165
In base 11, what is -81 + a?
-72
In base 2, what is 11 + 100110?
101001
In base 16, what is -5 + -64?
-69
In base 11, what is -4 + 839?
835
In base 11, what is -64 - -70?
7
In base 12, what is -7 + -38?
-43
In base 3, what is 1021112 + -11?
1021101
In base 11, what is 5 - -a3?
a8
In base 9, what is -84 - -2?
-82
In base 12, what is -37 + 2?
-35
In base 14, what is a + -11d?
-113
In base 10, what is 1 - -351?
352
In base 5, what is 22 + -41?
-14
In base 5, what is 0 - 10131?
-10131
In base 16, what is -16d + -4?
-171
In base 16, what is 48d - -1?
48e
In base 16, what is -4 + 3dd?
3d9
In base 16, what is 5 + -3be?
-3b9
In base 10, what is -979 + -5?
-984
In base 14, what is 1da - 1c?
1bc
In base 15, what is 11 + -1?
10
In base 16, what is 3f + -2f?
10
In base 12, what is -4 + 74?
70
In base 9, what is -804 + 5?
-788
In base 3, what is 0 + -222?
-222
In base 11, what is -3 + 32?
2a
In base 11, what is 2335 - -1?
2336
In base 13, what is 2b26 - 1?
2b25
In base 3, what is -11 + -1001221?
-1002002
In base 2, what is 11 + 100110000111?
100110001010
In base 10, what is 487 - 0?
487
In base 13, what is b - -23?
31
In base 15, wh